 Suppose z - 2*d = s*d + 26, -d = z - 32. List the prime factors of z.
31
Let w = 542 - 312. List the prime factors of w.
2, 5, 23
Suppose 15 = 9*x - 4*x. What are the prime factors of 31/((-4)/(-24)*x)?
2, 31
Let b(s) = 2242*s**2 - s + 4. List the prime factors of b(1).
5, 449
Let t(o) = 4*o - 1. Let h be t(4). Let u = h + -9. List the prime factors of 18/4*8/u.
2, 3
Let k(l) = 241*l + 34. List the prime factors of k(13).
3167
Let q be 15/35 + (-88)/(-7). Let a = q - 24. Let x(k) = -k + 21. List the prime factors of x(a).
2
Let o = 1874 - 340. What are the prime factors of o?
2, 13, 59
Let w(r) be the first derivative of -r**3 + 11*r**2/2 - 13*r + 15. Let h be w(6). What are the prime factors of (h + 0/(-4))*-1?
5, 11
Suppose 9 = 3*j, -p + 0*p + 125 = -3*j. Suppose -3*y = -p - 85. Suppose -5*u - 52 = -2*z, -3*z + 5*u + y = -0*u. List the prime factors of z.
3, 7
Let a = 20 - 17. Suppose -a*i = i - 148. What are the prime factors of i?
37
Suppose 8*y = -13 - 19. List the prime factors of -5 + 10/y*-76.
5, 37
Let o(g) = g**3 - g. Let v(x) = 4*x**3 + 21*x**2 + 15*x - 1. Let z(n) = -3*o(n) + v(n). Let h be z(-20). Let l = h + -16. What are the prime factors of l?
23
List the prime factors of (10 - 3) + 77*10.
3, 7, 37
Let c = 261 - 389. Let x = -69 - c. What are the prime factors of x?
59
Let n(m) = m**2 - 9. Let u(o) = -o - 1. Let z be u(-10). List the prime factors of n(z).
2, 3
Let s(u) = 25*u - 11. Let t(v) = 25*v - 12. Let m(q) = -5*s(q) + 4*t(q). Let a be m(4). What are the prime factors of 12/18*a/(-2)?
31
What are the prime factors of 11596/(-26)*8/(-4)?
2, 223
Suppose -3*f + 209 = t, -4*f + 473 = -4*t + 1325. What are the prime factors of t?
2, 53
Let l be 26/39 + 52/(-6). Let v(q) = -8*q - 15. What are the prime factors of v(l)?
7
Let l(f) = 3*f**3 + 2*f**2 - 9*f. Suppose -6*p = -4*p + 2. Let s(y) = -y**3 + y**2 + y. Let k(o) = p*l(o) - 2*s(o). What are the prime factors of k(-6)?
2, 3, 5
Let h(z) = -3*z**3 + 6*z**2 + 12*z + 4. Let p(c) = -4*c**3 + 6*c**2 + 11*c + 4. Let y(m) = -3*h(m) + 2*p(m). List the prime factors of y(8).
2, 3
Suppose 3*f - 3*h - 321 = 0, 0 = -5*f - 0*f + 2*h + 544. Suppose -f = 7*y - 2*y. List the prime factors of y/4*3*-2.
3, 11
Suppose -2*k = -4*h + 2088, -3*h + 2*k = -0*k - 1568. List the prime factors of h.
2, 5, 13
Let l = -164 - -658. What are the prime factors of l?
2, 13, 19
Let j = 2000 - 1310. List the prime factors of j.
2, 3, 5, 23
Let k be (-115)/(-35) - (-4)/(-14). Suppose -k*i + 21 = -3*p, 6*p = 3*p + 2*i - 20. Let f(d) = -d**3 - 5*d**2 + 5*d + 5. List the prime factors of f(p).
11
Suppose -2*m + 26 = 6. Suppose 2*z + 3*z = m. Suppose -5*h - z*q + 81 = 0, 3*h - 4*q = -0*h + 33. What are the prime factors of h?
3, 5
Let k be 2*(11*-8)/4. Let o = k + 119. Suppose f - 4*f + o = 0. List the prime factors of f.
5
Let v(a) = 3*a**3 - 14*a**2 - 6*a - 5. List the prime factors of v(12).
11, 281
Suppose -3*m - 85 = r, 2*r + 4*m = -71 - 99. Let p = 31 - r. List the prime factors of p.
2, 29
Let o = 22 - 18. Suppose -2*m + 4*f + 218 = 0, 5*m - 589 = 3*f - o*f. List the prime factors of m.
3, 13
Suppose -52*f - 1216 = -54*f. What are the prime factors of f?
2, 19
Suppose 148 = 2*g + 4*y, -5*g + 285 = 2*y - 53. List the prime factors of g.
2, 3, 11
Suppose -5*q + 11424 = 3*y, -71*q + 6834 = -68*q - 5*y. What are the prime factors of q?
3, 761
Let v = -9 - -28. Suppose -4 = 3*d + 4*y + v, 2*y + 13 = -3*d. List the prime factors of (-1)/(d*(-3)/(-105)).
5, 7
Let o(d) = -16*d. Let w be o(-8). Suppose r + 2*l = 38, l + w = 3*r - 0*l. Suppose -2*c - c = -r. What are the prime factors of c?
2, 7
Suppose 0 = -5*j + 2*h + 8284 - 2318, 0 = -3*h + 6. List the prime factors of j.
2, 3, 199
Let s = 3335 - 863. List the prime factors of s.
2, 3, 103
Let u = 11 + -12. Let r be (-4)/(-4) + 43 - u. Suppose 2*g = -3*g + r. List the prime factors of g.
3
Suppose 20 = 2*b + 3*b. Suppose 4*n = -4*s + 2 + 22, 0 = b*n + 2*s - 16. Suppose 55 = -n*y + 7*y. List the prime factors of y.
11
Let w be (-6)/39 + (-852)/39. Let u be (-4)/w + 84/22. Suppose -3*o + 0*o + 124 = 4*v, 0 = -u*v + o + 108. List the prime factors of v.
2, 7
Suppose 884 = 3*a - 268. List the prime factors of a.
2, 3
Suppose -2*z = 4*n - 6, -n + 19 = -z - 2*z. Suppose -3*m - 5 = -s, 0*s = n*s - 20. Suppose -3*h + m*h + 84 = 0. What are the prime factors of h?
2, 7
Suppose y = 5*n - 6 - 8, -3*y - 3 = -2*n. Suppose 5*t = n*k - 11, -1 = t - 3. Suppose k*q = 2*q + 65. List the prime factors of q.
13
Suppose 0 = 2*i - 4*i + 180. Suppose 4*m = 4*n + 212, -2*n + n = -3*m + 161. Let s = i - m. What are the prime factors of s?
2, 3
Suppose 29*v - 10935 = 15020. What are the prime factors of v?
5, 179
Suppose -3*g + 27 = -2*s + 5*s, 5*s - 2*g - 24 = 0. What are the prime factors of 220 - (-3 - -6 - s)?
223
Suppose 1496 = 2*d + 5*l + 36, 4*l + 2892 = 4*d. What are the prime factors of d?
5, 29
Let h = 19 + -8. Let k = h - 2. Let d = k - 5. List the prime factors of d.
2
Suppose 55 = 5*m - 5*a, -m - 1 = 3*a - 0. List the prime factors of m*-3*(7/(-2) - -3).
2, 3
Let d(c) = -c**2 + 9*c + 8. Let n be d(10). What are the prime factors of 14 - (3 - 3 - n)?
2, 3
Suppose 5*v - 52 = 5*k + 33, 4*k = -5*v + 94. List the prime factors of 6/v + 0 + 530/3.
3, 59
Let r be ((-11)/2 - -5)*340. Let f = 320 + r. List the prime factors of f.
2, 3, 5
Suppose 3*t = 2*t + h + 14, 2*t + 5*h - 49 = 0. Suppose c - t = 23. What are the prime factors of c?
2, 5
Let f(n) = 344*n**2 + n + 1. Let c be f(-1). Suppose -3*u = -c - 352. List the prime factors of 1/(-4) - u/(-32).
7
Let k = -78 - -99. Suppose 5*x + 20 + 10 = 0. List the prime factors of k/x*8/(-14).
2
Let r be 4*(0 + 1 + 0). Suppose 0 = -r*c + 144 + 96. Let f = c + -28. List the prime factors of f.
2
Let b(h) = -h**3 - 6*h**2 + 5*h + 5. Let o be b(-7). Let c = o + -14. Suppose 9 = 5*f - n, 1 + 4 = c*n. What are the prime factors of f?
2
Let a(f) = 36*f - 8 + 4*f**2 + 0*f**2 - 17*f. List the prime factors of a(-8).
2, 3
Suppose -2*b + 0*b + 15976 = 5*r, 0 = -5*r - b + 15973. Suppose 0*t + 4*t + r = s, 0 = t - s + 800. What are the prime factors of (-4)/(-10) + t/(-30)?
3
Let k = 1087 + -289. What are the prime factors of k?
2, 3, 7, 19
Let r be (-1392)/(-88) + (-2)/44*-4. Let f = r - -14. What are the prime factors of f?
2, 3, 5
Let a(s) = -11*s**3 - 10*s**2 - 4*s + 15. List the prime factors of a(-6).
3, 5, 137
Let d be -3 - 6/(-4)*6 - 2. Suppose d*j - 500 = -j. What are the prime factors of j?
2, 5
Let f = 193 - 1. Let d = f - 86. What are the prime factors of d?
2, 53
Let k(u) = 7*u**2 + 7*u - 30. What are the prime factors of k(10)?
2, 5, 37
Let w = 8 - -25. Let l = 70 + w. List the prime factors of l.
103
Suppose 8 = -g - 89. Let w = 170 + g. List the prime factors of w.
73
Let w be (-72)/21*7/(-2). Suppose 12 = 9*g - w*g. List the prime factors of (g/2)/((-12)/414).
3, 23
Suppose -3*h + s = -3282 - 3479, 0 = 2*h + 2*s - 4502. What are the prime factors of h?
3, 751
Let z = 73 - -10. List the prime factors of z/((-3 - -7) + -3).
83
Let f = 2018 - 1017. What are the prime factors of f?
7, 11, 13
Let i(a) = 25*a**2 + 2*a + 48. Let u(z) = -2*z**2 + z - 1. Let l(y) = i(y) + 4*u(y). What are the prime factors of l(-4)?
2, 73
Suppose 0 = -5*i - 0*i + w + 4924, 5*i - 2*w - 4928 = 0. Let c(p) = p**2 - 5*p + 4. Let r be c(7). List the prime factors of i/r - (-2)/(-3).
2, 3
Suppose -i - 15 = 3*v, 2 + 3 = -2*i - v. Let a be 1*(1 + i/(-4)). Suppose 2*o - 6 = h, a + 9 = -3*h + 4*o. What are the prime factors of h?
2
Suppose 11*z + 122 - 837 = 0. What are the prime factors of z?
5, 13
Let c = 230 - 228. What are the prime factors of c?
2
Let n(p) = 361*p - 603. What are the prime factors of n(19)?
2, 17, 23
Suppose 0 = 5*y - 27 + 12. List the prime factors of 6288/32*(-2 + 8/y).
131
Suppose 102*f = 96*f + 4236. List the prime factors of f.
2, 353
Let c(b) be the third derivative of b**6/60 - 7*b**5/60 + 5*b**4/24 + 5*b**3/6 + 3*b**2. Let x be c(5). Suppose x = -3*h + 8*h. What are the prime factors of h?
3, 7
Let i be 136/32 + 6/8. Let x = 3 + i. Let l = x + -5. List the prime factors of l.
3
Let v(n) = -n**3 - 30*n**2 - 48*n + 97. List the prime factors of v(-29).
2, 3
Let i = -26 + 97. Suppose 9*s - 1484 = -i. List the prime factors of s.
157
Let a(p